{"id":829,"date":"2022-03-05T08:11:08","date_gmt":"2022-03-05T08:11:08","guid":{"rendered":"https:\/\/birgitgraschopf.com\/?page_id=829"},"modified":"2026-04-10T08:54:48","modified_gmt":"2026-04-10T08:54:48","slug":"grasschopf","status":"publish","type":"page","link":"https:\/\/birgitgraschopf.com\/index.php\/grasschopf\/","title":{"rendered":"Grasschopf"},"content":{"rendered":"<div class=\"wp-block-image is-style-default\">\n<figure class=\"aligncenter size-large\"><img fetchpriority=\"high\" decoding=\"async\" width=\"1024\" height=\"716\" src=\"https:\/\/birgitgraschopf.com\/wp-content\/uploads\/2022\/03\/01_Portrait-1024x716.jpeg\" alt=\"\" class=\"wp-image-852\" srcset=\"https:\/\/birgitgraschopf.com\/wp-content\/uploads\/2022\/03\/01_Portrait-1024x716.jpeg 1024w, https:\/\/birgitgraschopf.com\/wp-content\/uploads\/2022\/03\/01_Portrait-300x210.jpeg 300w, https:\/\/birgitgraschopf.com\/wp-content\/uploads\/2022\/03\/01_Portrait-768x537.jpeg 768w, https:\/\/birgitgraschopf.com\/wp-content\/uploads\/2022\/03\/01_Portrait-1536x1075.jpeg 1536w, https:\/\/birgitgraschopf.com\/wp-content\/uploads\/2022\/03\/01_Portrait-2048x1433.jpeg 2048w\" sizes=\"(max-width: 1024px) 100vw, 1024px\" \/><\/figure>\n<\/div>\n\n\n<p class=\"has-text-align-center\">Ausstellung in der Vorpal Gallery Soho mit 8-t\u00e4giger Performance, New York City, M\u00e4rz \/ April 2002<\/p>\n\n\n\n<p><\/p>\n\n\n\n<div class=\"wp-block-group is-vertical is-layout-flex wp-container-core-group-is-layout-8cf370e7 wp-block-group-is-layout-flex\">\n<p><br><\/p>\n<\/div>\n\n\n<div class=\"wp-block-image\">\n<figure class=\"aligncenter size-large\"><img decoding=\"async\" width=\"679\" height=\"1024\" src=\"https:\/\/birgitgraschopf.com\/wp-content\/uploads\/2022\/03\/01_Diary-679x1024.jpeg\" alt=\"\" class=\"wp-image-834\" srcset=\"https:\/\/birgitgraschopf.com\/wp-content\/uploads\/2022\/03\/01_Diary-679x1024.jpeg 679w, https:\/\/birgitgraschopf.com\/wp-content\/uploads\/2022\/03\/01_Diary-199x300.jpeg 199w, https:\/\/birgitgraschopf.com\/wp-content\/uploads\/2022\/03\/01_Diary-768x1159.jpeg 768w, https:\/\/birgitgraschopf.com\/wp-content\/uploads\/2022\/03\/01_Diary-1018x1536.jpeg 1018w, https:\/\/birgitgraschopf.com\/wp-content\/uploads\/2022\/03\/01_Diary-1358x2048.jpeg 1358w, https:\/\/birgitgraschopf.com\/wp-content\/uploads\/2022\/03\/01_Diary-scaled.jpeg 1697w\" sizes=\"(max-width: 679px) 100vw, 679px\" \/><\/figure>\n<\/div>\n\n\n<p><\/p>\n\n\n\n<figure class=\"wp-block-gallery has-nested-images columns-default is-cropped wp-block-gallery-1 is-layout-flex wp-block-gallery-is-layout-flex\">\n<figure class=\"wp-block-image size-large\"><img decoding=\"async\" width=\"679\" height=\"1024\" data-id=\"835\" src=\"https:\/\/birgitgraschopf.com\/wp-content\/uploads\/2022\/03\/02_Diary-679x1024.jpeg\" alt=\"\" class=\"wp-image-835\" srcset=\"https:\/\/birgitgraschopf.com\/wp-content\/uploads\/2022\/03\/02_Diary-679x1024.jpeg 679w, https:\/\/birgitgraschopf.com\/wp-content\/uploads\/2022\/03\/02_Diary-199x300.jpeg 199w, https:\/\/birgitgraschopf.com\/wp-content\/uploads\/2022\/03\/02_Diary-768x1159.jpeg 768w, https:\/\/birgitgraschopf.com\/wp-content\/uploads\/2022\/03\/02_Diary-1018x1536.jpeg 1018w, https:\/\/birgitgraschopf.com\/wp-content\/uploads\/2022\/03\/02_Diary-1358x2048.jpeg 1358w, https:\/\/birgitgraschopf.com\/wp-content\/uploads\/2022\/03\/02_Diary-scaled.jpeg 1697w\" sizes=\"(max-width: 679px) 100vw, 679px\" \/><\/figure>\n\n\n\n<figure class=\"wp-block-image size-large\"><img loading=\"lazy\" decoding=\"async\" width=\"1024\" height=\"679\" data-id=\"836\" src=\"https:\/\/birgitgraschopf.com\/wp-content\/uploads\/2022\/03\/03_Diary-1024x679.jpeg\" alt=\"\" class=\"wp-image-836\" srcset=\"https:\/\/birgitgraschopf.com\/wp-content\/uploads\/2022\/03\/03_Diary-1024x679.jpeg 1024w, https:\/\/birgitgraschopf.com\/wp-content\/uploads\/2022\/03\/03_Diary-300x199.jpeg 300w, https:\/\/birgitgraschopf.com\/wp-content\/uploads\/2022\/03\/03_Diary-768x509.jpeg 768w, https:\/\/birgitgraschopf.com\/wp-content\/uploads\/2022\/03\/03_Diary-1536x1018.jpeg 1536w, https:\/\/birgitgraschopf.com\/wp-content\/uploads\/2022\/03\/03_Diary-2048x1358.jpeg 2048w\" sizes=\"(max-width: 1024px) 100vw, 1024px\" \/><\/figure>\n\n\n\n<figure class=\"wp-block-image size-large\"><img loading=\"lazy\" decoding=\"async\" width=\"1024\" height=\"679\" data-id=\"838\" src=\"https:\/\/birgitgraschopf.com\/wp-content\/uploads\/2022\/03\/05_Diary-1024x679.jpeg\" alt=\"\" class=\"wp-image-838\" srcset=\"https:\/\/birgitgraschopf.com\/wp-content\/uploads\/2022\/03\/05_Diary-1024x679.jpeg 1024w, https:\/\/birgitgraschopf.com\/wp-content\/uploads\/2022\/03\/05_Diary-300x199.jpeg 300w, https:\/\/birgitgraschopf.com\/wp-content\/uploads\/2022\/03\/05_Diary-768x509.jpeg 768w, https:\/\/birgitgraschopf.com\/wp-content\/uploads\/2022\/03\/05_Diary-1536x1018.jpeg 1536w, https:\/\/birgitgraschopf.com\/wp-content\/uploads\/2022\/03\/05_Diary-2048x1358.jpeg 2048w\" sizes=\"(max-width: 1024px) 100vw, 1024px\" \/><\/figure>\n\n\n\n<figure class=\"wp-block-image size-large\"><img loading=\"lazy\" decoding=\"async\" width=\"1024\" height=\"679\" data-id=\"841\" src=\"https:\/\/birgitgraschopf.com\/wp-content\/uploads\/2022\/03\/08_Diary-1024x679.jpeg\" alt=\"\" class=\"wp-image-841\" srcset=\"https:\/\/birgitgraschopf.com\/wp-content\/uploads\/2022\/03\/08_Diary-1024x679.jpeg 1024w, https:\/\/birgitgraschopf.com\/wp-content\/uploads\/2022\/03\/08_Diary-300x199.jpeg 300w, https:\/\/birgitgraschopf.com\/wp-content\/uploads\/2022\/03\/08_Diary-768x509.jpeg 768w, https:\/\/birgitgraschopf.com\/wp-content\/uploads\/2022\/03\/08_Diary-1536x1018.jpeg 1536w, https:\/\/birgitgraschopf.com\/wp-content\/uploads\/2022\/03\/08_Diary-2048x1358.jpeg 2048w\" sizes=\"(max-width: 1024px) 100vw, 1024px\" \/><\/figure>\n\n\n\n<figure class=\"wp-block-image size-large\"><img loading=\"lazy\" decoding=\"async\" width=\"1024\" height=\"679\" data-id=\"839\" src=\"https:\/\/birgitgraschopf.com\/wp-content\/uploads\/2022\/03\/06_Diary-1024x679.jpeg\" alt=\"\" class=\"wp-image-839\" srcset=\"https:\/\/birgitgraschopf.com\/wp-content\/uploads\/2022\/03\/06_Diary-1024x679.jpeg 1024w, https:\/\/birgitgraschopf.com\/wp-content\/uploads\/2022\/03\/06_Diary-300x199.jpeg 300w, https:\/\/birgitgraschopf.com\/wp-content\/uploads\/2022\/03\/06_Diary-768x509.jpeg 768w, https:\/\/birgitgraschopf.com\/wp-content\/uploads\/2022\/03\/06_Diary-1536x1018.jpeg 1536w, https:\/\/birgitgraschopf.com\/wp-content\/uploads\/2022\/03\/06_Diary-2048x1358.jpeg 2048w\" sizes=\"(max-width: 1024px) 100vw, 1024px\" \/><\/figure>\n\n\n\n<figure class=\"wp-block-image size-large\"><img loading=\"lazy\" decoding=\"async\" width=\"1024\" height=\"679\" data-id=\"837\" src=\"https:\/\/birgitgraschopf.com\/wp-content\/uploads\/2022\/03\/04_Diary-1024x679.jpeg\" alt=\"\" class=\"wp-image-837\" srcset=\"https:\/\/birgitgraschopf.com\/wp-content\/uploads\/2022\/03\/04_Diary-1024x679.jpeg 1024w, https:\/\/birgitgraschopf.com\/wp-content\/uploads\/2022\/03\/04_Diary-300x199.jpeg 300w, https:\/\/birgitgraschopf.com\/wp-content\/uploads\/2022\/03\/04_Diary-768x509.jpeg 768w, https:\/\/birgitgraschopf.com\/wp-content\/uploads\/2022\/03\/04_Diary-1536x1018.jpeg 1536w, https:\/\/birgitgraschopf.com\/wp-content\/uploads\/2022\/03\/04_Diary-2048x1358.jpeg 2048w\" sizes=\"(max-width: 1024px) 100vw, 1024px\" \/><\/figure>\n\n\n\n<figure class=\"wp-block-image size-large\"><img loading=\"lazy\" decoding=\"async\" width=\"1024\" height=\"679\" data-id=\"2092\" src=\"https:\/\/birgitgraschopf.com\/wp-content\/uploads\/2026\/04\/07_Diary-1024x679.jpg\" alt=\"\" class=\"wp-image-2092\" srcset=\"https:\/\/birgitgraschopf.com\/wp-content\/uploads\/2026\/04\/07_Diary-1024x679.jpg 1024w, https:\/\/birgitgraschopf.com\/wp-content\/uploads\/2026\/04\/07_Diary-300x199.jpg 300w, https:\/\/birgitgraschopf.com\/wp-content\/uploads\/2026\/04\/07_Diary-768x509.jpg 768w, https:\/\/birgitgraschopf.com\/wp-content\/uploads\/2026\/04\/07_Diary-1536x1018.jpg 1536w, https:\/\/birgitgraschopf.com\/wp-content\/uploads\/2026\/04\/07_Diary-2048x1358.jpg 2048w\" sizes=\"(max-width: 1024px) 100vw, 1024px\" \/><\/figure>\n\n\n\n<figure class=\"wp-block-image size-large\"><img loading=\"lazy\" decoding=\"async\" width=\"679\" height=\"1024\" data-id=\"842\" src=\"https:\/\/birgitgraschopf.com\/wp-content\/uploads\/2022\/03\/09_Diary-679x1024.jpeg\" alt=\"\" class=\"wp-image-842\" srcset=\"https:\/\/birgitgraschopf.com\/wp-content\/uploads\/2022\/03\/09_Diary-679x1024.jpeg 679w, https:\/\/birgitgraschopf.com\/wp-content\/uploads\/2022\/03\/09_Diary-199x300.jpeg 199w, https:\/\/birgitgraschopf.com\/wp-content\/uploads\/2022\/03\/09_Diary-768x1159.jpeg 768w, https:\/\/birgitgraschopf.com\/wp-content\/uploads\/2022\/03\/09_Diary-1018x1536.jpeg 1018w, https:\/\/birgitgraschopf.com\/wp-content\/uploads\/2022\/03\/09_Diary-1358x2048.jpeg 1358w, https:\/\/birgitgraschopf.com\/wp-content\/uploads\/2022\/03\/09_Diary-scaled.jpeg 1697w\" sizes=\"(max-width: 679px) 100vw, 679px\" \/><\/figure>\n<\/figure>\n\n\n\n<p>8 Tage lang wuchs Gras in meinem Haar. Bei der Er\u00f6ffnung meiner Ausstellung <em>SYMBIOTIC<\/em> in der Vorpal Gallery Soho bes\u00e4hten die Besucher*innen mein Haar mit Grassamen, um das gewachsene Grashaar eine Woche sp\u00e4ter zu ernten, indem sie es abschnitten und teilweise in kleinen T\u00f6pfen mitnahmen. So konnte es noch einige Zeit, verstreut in der City, weiterwachsen. Innerhalb der Performancewoche war ich viel im \u00f6ffentlichen Raum von NYC unterwegs mit dementsprechend unterschiedlichen Reaktionen auf das Grashaar. Im Folgenden gab es einen Internet-Tagebucheintrag von Elissa Nelson:<\/p>\n\n\n\n<p>www.eeelissa.diaryland.com<br>Houston Street, New York<br>March 28, 2002 \u2013 12:40 p.m.<br>\u201cHouston St: The Girl with the Garden in Her Hair\u201d<br>by Elissa Nelson<\/p>\n\n\n\n<p>Walking down Houston, I come up behind two girls. They are about my age, mid-twenties, and well-coiffed, carefully put together, in a SoHo sort of way: one girl has dark curly hair, and wears an expensive-looking jacket. The other girl, a blonde, has nice brown boots and a sleek khaki coat. As I walk past them, I notice that the blonde has an extraordinary headpiece on. It isn\u2019t quite a hat; it transcends \u201chat.\u201d There is a sort of platform extending from the back of her head, above the hairline, but well below the crown of her head. The platform is like the brim of a hat, but bigger: about eight inches wide, and extending back at least six inches. On the platform is a small expanse of growing grass, with a pink carnation placed in the center. The girl\u2019s long blond hair is woven into the whole project, so that the grass is growing out of the dirt on the platform but also out of her hair. I can\u2019t tell how the whole thing is attached to her head; perhaps the platform is supported by a piece underneath it, that goes along her neck and then down underneath the coat.<\/p>\n\n\n\n<p>I am moving at my usual fast NYC pace, so I barely get a glimpse at this masterpiece. As I zip past them, I hear a bit of their conversation. Casual chatter about a possible job for one of them. They both have European accents. There is nothing about them to suggest anything at all out of the ordinary: they do not exchange knowing looks, and they speak in measured tones, no excitement in their voices. After I pass them, I am so curious about the work of art that is her head that I dawdle at the corner of Houston and West Broadway, waiting for the girls to catch up so I can walk behind them a bit longer. I am also curious about the reactions of other passers-by. I hang out for a moment exchanging a nod with the guy handing out flyers for a nearby peep show, and when the girls reach the corner, I walk behind them. I follow for a couple blocks, observing people\u2019s reactions; a few people rubber-neck (\u201cDid you see that? What was that?\u201d), but most do not notice, or at least seem not to notice. The girls are perfect poker-faces, as if everything were ordinary. And they are so ordinary, themselves: that is part of what makes it perfect. The girl with the garden in her hair carries a camera case, the only (other) hint that perhaps she is one of those artist types. I think about stopping them, asking them about it\u2014but it would feel wrong somehow, like standing up at the ballet and screaming out a question to the dancers on the stage. It would interrupt the performance. I am also caught up, as usual, in all the same questions of New York City and public \/ private space, the unwritten rule: don\u2019t cross the boundaries; don\u2019t disrupt the anonymity of the city.<\/p>\n\n\n\n<p>So I don\u2019t.<\/p>\n","protected":false},"excerpt":{"rendered":"<p>Ausstellung in der Vorpal Gallery Soho mit 8-t\u00e4giger Performance, New York City, M\u00e4rz \/ April 2002 8 Tage lang wuchs Gras in meinem Haar. Bei&#8230;<\/p>\n<div class=\"more-link-wrapper\"><a class=\"more-link\" href=\"https:\/\/birgitgraschopf.com\/index.php\/grasschopf\/\">Continue Reading<span class=\"screen-reader-text\">Grasschopf<\/span><\/a><\/div>\n","protected":false},"author":1,"featured_media":0,"parent":0,"menu_order":0,"comment_status":"closed","ping_status":"closed","template":"","meta":{"_uf_show_specific_survey":0,"_uf_disable_surveys":false,"footnotes":""},"class_list":["post-829","page","type-page","status-publish","hentry","entry"],"aioseo_notices":[],"_links":{"self":[{"href":"https:\/\/birgitgraschopf.com\/index.php\/wp-json\/wp\/v2\/pages\/829","targetHints":{"allow":["GET"]}}],"collection":[{"href":"https:\/\/birgitgraschopf.com\/index.php\/wp-json\/wp\/v2\/pages"}],"about":[{"href":"https:\/\/birgitgraschopf.com\/index.php\/wp-json\/wp\/v2\/types\/page"}],"author":[{"embeddable":true,"href":"https:\/\/birgitgraschopf.com\/index.php\/wp-json\/wp\/v2\/users\/1"}],"replies":[{"embeddable":true,"href":"https:\/\/birgitgraschopf.com\/index.php\/wp-json\/wp\/v2\/comments?post=829"}],"version-history":[{"count":18,"href":"https:\/\/birgitgraschopf.com\/index.php\/wp-json\/wp\/v2\/pages\/829\/revisions"}],"predecessor-version":[{"id":2102,"href":"https:\/\/birgitgraschopf.com\/index.php\/wp-json\/wp\/v2\/pages\/829\/revisions\/2102"}],"wp:attachment":[{"href":"https:\/\/birgitgraschopf.com\/index.php\/wp-json\/wp\/v2\/media?parent=829"}],"curies":[{"name":"wp","href":"https:\/\/api.w.org\/{rel}","templated":true}]}}