{"id":755,"date":"2022-02-12T12:29:05","date_gmt":"2022-02-12T12:29:05","guid":{"rendered":"https:\/\/birgitgraschopf.com\/?page_id=755"},"modified":"2023-02-27T17:54:40","modified_gmt":"2023-02-27T17:54:40","slug":"particulate-matters","status":"publish","type":"page","link":"https:\/\/birgitgraschopf.com\/index.php\/particulate-matters\/","title":{"rendered":"Particulate Matters"},"content":{"rendered":"\n<p>Im elften Jahr der Ausstellungsreihe Kunst bei Wittmann wird Birgit Graschopf (* 1978) eine im erweiterten performativen Sinne fotografische In-situ-Arbeit pr\u00e4sentieren.<\/p>\n\n\n\n<p>Wandbelichtung I, fotografische Emulsion<br>2.94 m x 1.76 m<br>Wandbelichtung II, fotografische Emulsion \u00fcber 3 Wandfl\u00e4chen<br>1.36 m x 0.55 m + 1.85 m x 2.97 m + 1.85 m x 2.56 m<br>Wandbelichtung III, fotografische Emulsion \u00fcber 2 Wandfl\u00e4chen<br>2.94 m x 2.97 m + 2 m x 2.97 m<\/p>\n\n\n\n<p>2013 &#8211; 2018<\/p>\n\n\n\n<figure class=\"wp-block-gallery has-nested-images columns-default is-cropped wp-block-gallery-1 is-layout-flex wp-block-gallery-is-layout-flex\">\n<figure class=\"wp-block-image size-large\"><img fetchpriority=\"high\" decoding=\"async\" width=\"2560\" height=\"782\" data-id=\"758\" src=\"https:\/\/birgitgraschopf.com\/wp-content\/uploads\/2022\/02\/01_ParticulateMatters-scaled.jpeg\" alt=\"\" class=\"wp-image-758\" srcset=\"https:\/\/birgitgraschopf.com\/wp-content\/uploads\/2022\/02\/01_ParticulateMatters-scaled.jpeg 2560w, https:\/\/birgitgraschopf.com\/wp-content\/uploads\/2022\/02\/01_ParticulateMatters-300x92.jpeg 300w, https:\/\/birgitgraschopf.com\/wp-content\/uploads\/2022\/02\/01_ParticulateMatters-1024x313.jpeg 1024w, https:\/\/birgitgraschopf.com\/wp-content\/uploads\/2022\/02\/01_ParticulateMatters-768x235.jpeg 768w, https:\/\/birgitgraschopf.com\/wp-content\/uploads\/2022\/02\/01_ParticulateMatters-1536x469.jpeg 1536w, https:\/\/birgitgraschopf.com\/wp-content\/uploads\/2022\/02\/01_ParticulateMatters-2048x626.jpeg 2048w\" sizes=\"(max-width: 2560px) 100vw, 2560px\" \/><\/figure>\n<\/figure>\n\n\n\n<p>Staubinstallation im Glaspavillon von Paolo Piva<br>Schauraum Wittmann am Karlsplatz 2013<br>7000 Liter Styropor, 5 Ventilatoren, 2 Bewegungsmelder<\/p>\n\n\n\n<figure class=\"wp-block-video\"><video height=\"480\" style=\"aspect-ratio: 640 \/ 480;\" width=\"640\" controls src=\"https:\/\/birgitgraschopf.com\/wp-content\/uploads\/2023\/02\/Staubinstallation_ParticulateMatters-3.mp4\"><\/video><\/figure>\n\n\n\n<figure class=\"wp-block-gallery has-nested-images columns-default is-cropped wp-block-gallery-2 is-layout-flex wp-block-gallery-is-layout-flex\"><\/figure>\n\n\n\n<p>Die K\u00fcnstlerin ist f\u00fcr ihre Wandbelichtungen bekannt, dabei handelt es sich um Fotografien, die als Bildtr\u00e4ger die Wand beziehungsweise den Raum selbst haben, mit dem sie zu verschmelzen scheinen.<br>F\u00fcr Kunst bei Wittmann hat Graschopf das dreiteilige Werk particulate matters entwickelt, das aus klassischen Portr\u00e4ts, illusionistischen Wandfotografien und einer \u00fcberraschenden Installation im Pavillon vor dem Schauraum am belebten Wiener Karlsplatz gegen\u00fcber der Secession besteht.<br>Wesentlicher Bestandteil sind die Mitarbeiter und Mitarbeiterinnen von Wittmann in den Etsdorfer Werkst\u00e4tten, die sie einzeln portr\u00e4tiert hat, um sie dann, in einem raumgreifenden Gef\u00fcge zusammengestellt, \u00fcber die W\u00e4nde des Schauraumes fliegen zu lassen. Einzelportr\u00e4ts ausgesuchter Personen dieses Shootings entwickelt sie direkt auf blauem Schleifpapier, einem Werkmaterial, das auch in der M\u00f6belproduktion zum Einsatz kommt.<br>In beiden Arbeiten geht es weniger um individuelle Z\u00fcge der Abgebildeten als um Sinnbilder handwerklichen Arbeitens, die st\u00e4ndig in Bewegung sind und Materialien in Form bringen. Ein genau einstudierter Produktionsprozess, der mitunter Staub aufwirbelt, welcher sich metaphorisch gesehen im Pavillon als Styropork\u00fcgelchen sammelt.<\/p>\n\n\n\n<p>Die K\u00fcgelchen werden dort mithilfe von Ventilatoren und Windmaschinen aufgewirbelt und befinden sich unerm\u00fcdlich in einem vorbestimmten Bewegungsablauf, gleich den umliegenden, \u00fcber Ampelschaltungen geregelten Verkehrsfl\u00fcssen wie auch dem dadurch entstehenden Feinstaub.<br>Diese Dynamik des Ortes wie der M\u00f6belproduktion \u00fcbersetzt Birgit Graschopf in particulate matters in ihre umfassende, vielschichtige fotografisch-skulpturale Installation.<\/p>\n\n\n\n<p>Christine Haupt-Stummer<br>Kuratorin, section.a<\/p>\n\n\n\n<figure class=\"wp-block-image size-large\"><img decoding=\"async\" width=\"1024\" height=\"676\" src=\"https:\/\/birgitgraschopf.com\/wp-content\/uploads\/2022\/02\/02_ParticulateMatters-1024x676.jpeg\" alt=\"\" class=\"wp-image-759\" srcset=\"https:\/\/birgitgraschopf.com\/wp-content\/uploads\/2022\/02\/02_ParticulateMatters-1024x676.jpeg 1024w, https:\/\/birgitgraschopf.com\/wp-content\/uploads\/2022\/02\/02_ParticulateMatters-300x198.jpeg 300w, https:\/\/birgitgraschopf.com\/wp-content\/uploads\/2022\/02\/02_ParticulateMatters-768x507.jpeg 768w, https:\/\/birgitgraschopf.com\/wp-content\/uploads\/2022\/02\/02_ParticulateMatters-1536x1015.jpeg 1536w, https:\/\/birgitgraschopf.com\/wp-content\/uploads\/2022\/02\/02_ParticulateMatters-2048x1353.jpeg 2048w\" sizes=\"(max-width: 1024px) 100vw, 1024px\" \/><figcaption class=\"wp-element-caption\"> <\/figcaption><\/figure>\n\n\n\n<p><\/p>\n\n\n\n<figure class=\"wp-block-gallery has-nested-images columns-default is-cropped wp-block-gallery-3 is-layout-flex wp-block-gallery-is-layout-flex\">\n<figure class=\"wp-block-image size-large\"><img decoding=\"async\" width=\"1024\" height=\"676\" data-id=\"760\" src=\"https:\/\/birgitgraschopf.com\/wp-content\/uploads\/2022\/02\/03_ParticulateMatters-1024x676.jpeg\" alt=\"\" class=\"wp-image-760\" srcset=\"https:\/\/birgitgraschopf.com\/wp-content\/uploads\/2022\/02\/03_ParticulateMatters-1024x676.jpeg 1024w, https:\/\/birgitgraschopf.com\/wp-content\/uploads\/2022\/02\/03_ParticulateMatters-300x198.jpeg 300w, https:\/\/birgitgraschopf.com\/wp-content\/uploads\/2022\/02\/03_ParticulateMatters-768x507.jpeg 768w, https:\/\/birgitgraschopf.com\/wp-content\/uploads\/2022\/02\/03_ParticulateMatters-1536x1015.jpeg 1536w, https:\/\/birgitgraschopf.com\/wp-content\/uploads\/2022\/02\/03_ParticulateMatters-2048x1353.jpeg 2048w\" sizes=\"(max-width: 1024px) 100vw, 1024px\" \/><\/figure>\n<\/figure>\n","protected":false},"excerpt":{"rendered":"<p>Im elften Jahr der Ausstellungsreihe Kunst bei Wittmann wird Birgit Graschopf (* 1978) eine im erweiterten performativen Sinne fotografische In-situ-Arbeit pr\u00e4sentieren. Wandbelichtung I, fotografische Emulsion2.94&#8230;<\/p>\n<div class=\"more-link-wrapper\"><a class=\"more-link\" href=\"https:\/\/birgitgraschopf.com\/index.php\/particulate-matters\/\">Continue Reading<span class=\"screen-reader-text\">Particulate Matters<\/span><\/a><\/div>\n","protected":false},"author":1,"featured_media":0,"parent":0,"menu_order":0,"comment_status":"closed","ping_status":"closed","template":"","meta":{"_uf_show_specific_survey":0,"_uf_disable_surveys":false,"footnotes":""},"class_list":["post-755","page","type-page","status-publish","hentry","entry"],"aioseo_notices":[],"_links":{"self":[{"href":"https:\/\/birgitgraschopf.com\/index.php\/wp-json\/wp\/v2\/pages\/755","targetHints":{"allow":["GET"]}}],"collection":[{"href":"https:\/\/birgitgraschopf.com\/index.php\/wp-json\/wp\/v2\/pages"}],"about":[{"href":"https:\/\/birgitgraschopf.com\/index.php\/wp-json\/wp\/v2\/types\/page"}],"author":[{"embeddable":true,"href":"https:\/\/birgitgraschopf.com\/index.php\/wp-json\/wp\/v2\/users\/1"}],"replies":[{"embeddable":true,"href":"https:\/\/birgitgraschopf.com\/index.php\/wp-json\/wp\/v2\/comments?post=755"}],"version-history":[{"count":16,"href":"https:\/\/birgitgraschopf.com\/index.php\/wp-json\/wp\/v2\/pages\/755\/revisions"}],"predecessor-version":[{"id":1321,"href":"https:\/\/birgitgraschopf.com\/index.php\/wp-json\/wp\/v2\/pages\/755\/revisions\/1321"}],"wp:attachment":[{"href":"https:\/\/birgitgraschopf.com\/index.php\/wp-json\/wp\/v2\/media?parent=755"}],"curies":[{"name":"wp","href":"https:\/\/api.w.org\/{rel}","templated":true}]}}